{"id":23,"date":"2018-06-20T15:32:40","date_gmt":"2018-06-20T12:32:40","guid":{"rendered":"http:\/\/wpoffice\/construction\/?page_id=23"},"modified":"2022-08-17T08:33:31","modified_gmt":"2022-08-17T05:33:31","slug":"yhteystiedot","status":"publish","type":"page","link":"https:\/\/kantojyrsin.fi\/?page_id=23","title":{"rendered":"Yhteystiedot"},"content":{"rendered":"\n<style type=\"text\/css\" data-created_by=\"avia_inline_auto\" id=\"style-css-av-9fpyf-b504a9008135cfc41b4510916660dc80\">\n.flex_column.av-9fpyf-b504a9008135cfc41b4510916660dc80{\nborder-radius:0px 0px 0px 0px;\npadding:0px 0px 0px 0px;\n}\n<\/style>\n<div  class='flex_column av-9fpyf-b504a9008135cfc41b4510916660dc80 av_two_third  avia-builder-el-0  el_before_av_one_third  avia-builder-el-first  first flex_column_div av-animated-generic bottom-to-top av-zero-column-padding  '     ><p>\n<style type=\"text\/css\" data-created_by=\"avia_inline_auto\" id=\"style-css-av-15vyr-6bc4f6facb38dbb84f044ad8ac9873c2\">\n#top .av-special-heading.av-15vyr-6bc4f6facb38dbb84f044ad8ac9873c2{\npadding-bottom:0;\n}\nbody .av-special-heading.av-15vyr-6bc4f6facb38dbb84f044ad8ac9873c2 .av-special-heading-tag .heading-char{\nfont-size:25px;\n}\n.av-special-heading.av-15vyr-6bc4f6facb38dbb84f044ad8ac9873c2 .av-subheading{\nfont-size:15px;\n}\n<\/style>\n<div  class='av-special-heading av-15vyr-6bc4f6facb38dbb84f044ad8ac9873c2 av-special-heading-h3 blockquote modern-quote  avia-builder-el-1  el_before_av_hr  avia-builder-el-first '><h3 class='av-special-heading-tag'  itemprop=\"headline\"  >Tee tilaus tai pyyd\u00e4 edullinen tarjous t\u00e4ll\u00e4 lomakkeella<\/h3><div class=\"special-heading-border\"><div class=\"special-heading-inner-border\"><\/div><\/div><\/div><br \/>\n\n<style type=\"text\/css\" data-created_by=\"avia_inline_auto\" id=\"style-css-av-88tnz-b68a4298e205f8544f9ed2d56f8e5d6e\">\n#top .hr.av-88tnz-b68a4298e205f8544f9ed2d56f8e5d6e{\nmargin-top:10px;\nmargin-bottom:10px;\n}\n.hr.av-88tnz-b68a4298e205f8544f9ed2d56f8e5d6e .hr-inner{\nwidth:50px;\nborder-color:#efbb20;\n}\n<\/style>\n<div  class='hr av-88tnz-b68a4298e205f8544f9ed2d56f8e5d6e hr-custom  avia-builder-el-2  el_after_av_heading  el_before_av_contact  hr-left hr-icon-no'><span class='hr-inner inner-border-av-border-fat'><span class=\"hr-inner-style\"><\/span><\/span><\/div><br \/>\n<form action=\"https:\/\/kantojyrsin.fi\/?page_id=23\" method=\"post\" data-fields-with-error=\"Found errors in the following field(s):\" class=\"avia_ajax_form av-form-labels-visible   avia-builder-el-3  el_after_av_hr  el_before_av_codeblock   \" data-avia-form-id=\"1\" data-avia-redirect='' ><h3 class=''>T\u00e4yt\u00e4 tiedot ja l\u00e4het\u00e4 lomake<\/h3><fieldset><p class='  first_form  form_element form_element_half' id='element_avia_1_1'><label for=\"avia_1_1\">Nimi <abbr class=\"required\" title=\"required\">*<\/abbr><\/label> <input name=\"avia_1_1\" class=\"text_input is_empty\" type=\"text\" id=\"avia_1_1\" value=\"\" \/><\/p><p class='  form_element form_element_half' id='element_avia_2_1'><label for=\"avia_2_1\">Puhelin <abbr class=\"required\" title=\"required\">*<\/abbr><\/label> <input name=\"avia_2_1\" class=\"text_input is_empty\" type=\"text\" id=\"avia_2_1\" value=\"\" \/><\/p><p class='  first_form  form_element form_element_half' id='element_avia_3_1'><label for=\"avia_3_1\">S\u00e4hk\u00f6posti <abbr class=\"required\" title=\"required\">*<\/abbr><\/label> <input name=\"avia_3_1\" class=\"text_input is_email\" type=\"text\" id=\"avia_3_1\" value=\"\" \/><\/p><p class='  form_element form_element_half' id='element_avia_4_1'><label for=\"avia_4_1\">Kohteen osoite <abbr class=\"required\" title=\"required\">*<\/abbr><\/label> <input name=\"avia_4_1\" class=\"text_input is_empty\" type=\"text\" id=\"avia_4_1\" value=\"\" \/><\/p><p class='  first_form  form_element form_element_half' id='element_avia_5_1'><label for=\"avia_5_1\">Kantojen m\u00e4\u00e4r\u00e4 (kpl) ja kokoarviot (halkaisija cm)<\/label> <input name=\"avia_5_1\" class=\"text_input \" type=\"text\" id=\"avia_5_1\" value=\"\" \/><\/p><p class='  first_form  form_element form_fullwidth' id='element_avia_6_1'><label for=\"avia_6_1\" class=\"textare_label hidden textare_label_avia_6_1\">Muuta lis\u00e4tietoa (kuvaile tarkemmin millaisia palveluja tarvitset ja millainen paikka on kyseess\u00e4 tai esim. ajo-ohje)<\/label><textarea  name=\"avia_6_1\" class=\"text_area \" cols=\"40\" rows=\"7\" id=\"avia_6_1\" ><\/textarea><\/p><p class=\"hidden\"><input type=\"text\" name=\"avia_7_1\" class=\"hidden \" id=\"avia_7_1\" value=\"\" \/><\/p><p class='   form_element form_fullwidth' id='element_avia_8_1'><span class='value_verifier_label'>0 + 1 = ?<\/span><input name=\"avia_8_1_verifier\" type=\"hidden\" id=\"avia_8_1_verifier\" value=\"873731345\"\/><label for=\"avia_8_1\">Please prove that you are human by solving the equation <abbr class=\"required\" title=\"required\">*<\/abbr><\/label><input name=\"avia_8_1\" class=\"text_input captcha\" type=\"text\" id=\"avia_8_1\" value=\"\"\/><\/p><p class=\"form_element \"><input type=\"hidden\" value=\"1\" name=\"avia_generated_form1\" \/><input type=\"submit\" value=\"L\u00c4HET\u00c4\" class=\"button\"  data-sending-label=\"Sending\"\/><\/p><\/fieldset><\/form><div id=\"ajaxresponse_1\" class=\"ajaxresponse ajaxresponse_1 hidden\"><\/div><\/p><\/div>\n\n<style type=\"text\/css\" data-created_by=\"avia_inline_auto\" id=\"style-css-av-3n4rv-5299e74b59f8f3929bc530e5928efa9b\">\n.flex_column.av-3n4rv-5299e74b59f8f3929bc530e5928efa9b{\nborder-radius:0px 0px 0px 0px;\npadding:0px 0px 0px 0px;\n}\n<\/style>\n<div  class='flex_column av-3n4rv-5299e74b59f8f3929bc530e5928efa9b av_one_third flex_column_div av-animated-generic bottom-to-top av-zero-column-padding  '     ><p>\n<style type=\"text\/css\" data-created_by=\"avia_inline_auto\" id=\"style-css-av-av_heading-1ed37a6863c32ac8af6b0d0d1e08710b\">\n#top .av-special-heading.av-av_heading-1ed37a6863c32ac8af6b0d0d1e08710b{\npadding-bottom:0;\n}\nbody .av-special-heading.av-av_heading-1ed37a6863c32ac8af6b0d0d1e08710b .av-special-heading-tag .heading-char{\nfont-size:25px;\n}\n.av-special-heading.av-av_heading-1ed37a6863c32ac8af6b0d0d1e08710b .av-subheading{\nfont-size:15px;\n}\n<\/style>\n<div  class='av-special-heading av-av_heading-1ed37a6863c32ac8af6b0d0d1e08710b av-special-heading-h3 blockquote modern-quote'><h3 class='av-special-heading-tag'  itemprop=\"headline\"  >Tarvitsetko lis\u00e4tietoa?<\/h3><div class=\"special-heading-border\"><div class=\"special-heading-inner-border\"><\/div><\/div><\/div><br \/>\n\n<style type=\"text\/css\" data-created_by=\"avia_inline_auto\" id=\"style-css-av-2ldz7-ab86817dfc06234a3ec88f68deb8b391\">\n#top .hr.av-2ldz7-ab86817dfc06234a3ec88f68deb8b391{\nmargin-top:10px;\nmargin-bottom:10px;\n}\n.hr.av-2ldz7-ab86817dfc06234a3ec88f68deb8b391 .hr-inner{\nwidth:50px;\nborder-color:#efbb20;\n}\n<\/style>\n<div  class='hr av-2ldz7-ab86817dfc06234a3ec88f68deb8b391 hr-custom hr-left hr-icon-no'><span class='hr-inner inner-border-av-border-fat'><span class=\"hr-inner-style\"><\/span><\/span><\/div><br \/>\n<section  class='av_textblock_section av-2aq9b-3b70d446dde50637beafd983c2af5176 '   itemscope=\"itemscope\" itemtype=\"https:\/\/schema.org\/CreativeWork\" ><div class='avia_textblock'  itemprop=\"text\" ><p>Kysy lis\u00e4tietoja ja pyyd\u00e4 tarjous.<\/p>\n<\/div><\/section><br \/>\n\n<style type=\"text\/css\" data-created_by=\"avia_inline_auto\" id=\"style-css-av-1bkin-39cf67e083ac173c2a78bd4b4e67a86d\">\n#top .hr.av-1bkin-39cf67e083ac173c2a78bd4b4e67a86d{\nmargin-top:10px;\nmargin-bottom:10px;\n}\n.hr.av-1bkin-39cf67e083ac173c2a78bd4b4e67a86d .hr-inner{\nwidth:50px;\nborder-color:#efbb20;\n}\n<\/style>\n<div  class='hr av-1bkin-39cf67e083ac173c2a78bd4b4e67a86d hr-custom hr-left hr-icon-no'><span class='hr-inner inner-border-av-border-fat'><span class=\"hr-inner-style\"><\/span><\/span><\/div><br \/>\n<section  class='av_textblock_section av-qowb-0544b781d891c0fc86a5e5abdfd3abda '   itemscope=\"itemscope\" itemtype=\"https:\/\/schema.org\/CreativeWork\" ><div class='avia_textblock'  itemprop=\"text\" ><p><strong>S\u00e4hk\u00f6postitiedustelut<\/strong><br \/>\nkantojyrsin(at)kantojyrsin.fi<\/p>\n<p><strong>Soita tilaus:<\/strong><br \/>\nAaro Turunen<br \/>\n0400251666<\/p>\n<p><strong>Osoite<\/strong><br \/>\nSuomen Kiinteist\u00f6- ja Kantojyrsinpalvelu<br \/>\nOy Wicanda Ltd<br \/>\nHevossalmentie 30<br \/>\n36760 Luopioinen<\/p>\n<p>Finlands Fastighets- och Stubbfr\u00e4stj\u00e4nst<br \/>\nTelefon: 0400251666<br \/>\nE-post: kantojyrsin(at)kantojyrsin.fi<\/p>\n<p><strong data-rich-text-format-boundary=\"true\">Laskutustiedot<\/strong><br data-rich-text-line-break=\"true\">Oy Wicanda Ltd<br data-rich-text-line-break=\"true\">Hevossalmentie 30<br data-rich-text-line-break=\"true\">36760 Luopioinen<br data-rich-text-line-break=\"true\"><br data-rich-text-line-break=\"true\">Verkkolaskuosoite: <br data-rich-text-line-break=\"true\">003709081783<br data-rich-text-line-break=\"true\"><br data-rich-text-line-break=\"true\">V\u00e4litt\u00e4j\u00e4: <br data-rich-text-line-break=\"true\">Maventa (003721291126)<br data-rich-text-line-break=\"true\"><br data-rich-text-line-break=\"true\">S\u00e4hk\u00f6postilaskut:<br data-rich-text-line-break=\"true\">09081783(at)scan.netvisor.fi<br data-rich-text-line-break=\"true\"><br data-rich-text-line-break=\"true\">Paperilaskut:<br data-rich-text-line-break=\"true\">Oy Wicanda Ltd<br \/>\nSuomen Kiinteist\u00f6- ja Kantojyrsinpalvelu<br \/>\nY 090817833<br data-rich-text-line-break=\"true\">PL 100<br data-rich-text-line-break=\"true\">80020 Kolletor Scan<\/p>\n<\/div><\/section><\/p><\/div>\n","protected":false},"excerpt":{"rendered":"","protected":false},"author":3,"featured_media":0,"parent":0,"menu_order":0,"comment_status":"closed","ping_status":"closed","template":"","meta":{"_exactmetrics_skip_tracking":false,"_exactmetrics_sitenote_active":false,"_exactmetrics_sitenote_note":"","_exactmetrics_sitenote_category":0,"footnotes":""},"class_list":["post-23","page","type-page","status-publish","hentry"],"yoast_head":"<!-- This site is optimized with the Yoast SEO plugin v27.5 - https:\/\/yoast.com\/product\/yoast-seo-wordpress\/ -->\n<title>Yhteystiedot - Suomen Kiinteist\u00f6- ja Kantojyrsinpalvelu<\/title>\n<meta name=\"robots\" content=\"index, follow, max-snippet:-1, max-image-preview:large, max-video-preview:-1\" \/>\n<link rel=\"canonical\" href=\"https:\/\/kantojyrsin.fi\/?page_id=23\" \/>\n<meta property=\"og:locale\" content=\"fi_FI\" \/>\n<meta property=\"og:type\" content=\"article\" \/>\n<meta property=\"og:title\" content=\"Yhteystiedot - Suomen Kiinteist\u00f6- ja Kantojyrsinpalvelu\" \/>\n<meta property=\"og:url\" content=\"https:\/\/kantojyrsin.fi\/?page_id=23\" \/>\n<meta property=\"og:site_name\" content=\"Suomen Kiinteist\u00f6- ja Kantojyrsinpalvelu\" \/>\n<meta property=\"article:modified_time\" content=\"2022-08-17T05:33:31+00:00\" \/>\n<meta name=\"twitter:card\" content=\"summary_large_image\" \/>\n<meta name=\"twitter:label1\" content=\"Arvioitu lukuaika\" \/>\n\t<meta name=\"twitter:data1\" content=\"3 minuuttia\" \/>\n<script type=\"application\/ld+json\" class=\"yoast-schema-graph\">{\"@context\":\"https:\\\/\\\/schema.org\",\"@graph\":[{\"@type\":\"WebPage\",\"@id\":\"https:\\\/\\\/kantojyrsin.fi\\\/?page_id=23\",\"url\":\"https:\\\/\\\/kantojyrsin.fi\\\/?page_id=23\",\"name\":\"Yhteystiedot - Suomen Kiinteist\u00f6- ja Kantojyrsinpalvelu\",\"isPartOf\":{\"@id\":\"https:\\\/\\\/kantojyrsin.fi\\\/#website\"},\"datePublished\":\"2018-06-20T12:32:40+00:00\",\"dateModified\":\"2022-08-17T05:33:31+00:00\",\"breadcrumb\":{\"@id\":\"https:\\\/\\\/kantojyrsin.fi\\\/?page_id=23#breadcrumb\"},\"inLanguage\":\"fi\",\"potentialAction\":[{\"@type\":\"ReadAction\",\"target\":[\"https:\\\/\\\/kantojyrsin.fi\\\/?page_id=23\"]}]},{\"@type\":\"BreadcrumbList\",\"@id\":\"https:\\\/\\\/kantojyrsin.fi\\\/?page_id=23#breadcrumb\",\"itemListElement\":[{\"@type\":\"ListItem\",\"position\":1,\"name\":\"Home\",\"item\":\"https:\\\/\\\/kantojyrsin.fi\\\/\"},{\"@type\":\"ListItem\",\"position\":2,\"name\":\"Yhteystiedot\"}]},{\"@type\":\"WebSite\",\"@id\":\"https:\\\/\\\/kantojyrsin.fi\\\/#website\",\"url\":\"https:\\\/\\\/kantojyrsin.fi\\\/\",\"name\":\"Suomen Kiinteist\u00f6- ja Kantojyrsinpalvelu\",\"description\":\"Kantojen jyrsint\u00e4 on paras ratkaisu kantojen poistoon\",\"potentialAction\":[{\"@type\":\"SearchAction\",\"target\":{\"@type\":\"EntryPoint\",\"urlTemplate\":\"https:\\\/\\\/kantojyrsin.fi\\\/?s={search_term_string}\"},\"query-input\":{\"@type\":\"PropertyValueSpecification\",\"valueRequired\":true,\"valueName\":\"search_term_string\"}}],\"inLanguage\":\"fi\"}]}<\/script>\n<!-- \/ Yoast SEO plugin. -->","yoast_head_json":{"title":"Yhteystiedot - Suomen Kiinteist\u00f6- ja Kantojyrsinpalvelu","robots":{"index":"index","follow":"follow","max-snippet":"max-snippet:-1","max-image-preview":"max-image-preview:large","max-video-preview":"max-video-preview:-1"},"canonical":"https:\/\/kantojyrsin.fi\/?page_id=23","og_locale":"fi_FI","og_type":"article","og_title":"Yhteystiedot - Suomen Kiinteist\u00f6- ja Kantojyrsinpalvelu","og_url":"https:\/\/kantojyrsin.fi\/?page_id=23","og_site_name":"Suomen Kiinteist\u00f6- ja Kantojyrsinpalvelu","article_modified_time":"2022-08-17T05:33:31+00:00","twitter_card":"summary_large_image","twitter_misc":{"Arvioitu lukuaika":"3 minuuttia"},"schema":{"@context":"https:\/\/schema.org","@graph":[{"@type":"WebPage","@id":"https:\/\/kantojyrsin.fi\/?page_id=23","url":"https:\/\/kantojyrsin.fi\/?page_id=23","name":"Yhteystiedot - Suomen Kiinteist\u00f6- ja Kantojyrsinpalvelu","isPartOf":{"@id":"https:\/\/kantojyrsin.fi\/#website"},"datePublished":"2018-06-20T12:32:40+00:00","dateModified":"2022-08-17T05:33:31+00:00","breadcrumb":{"@id":"https:\/\/kantojyrsin.fi\/?page_id=23#breadcrumb"},"inLanguage":"fi","potentialAction":[{"@type":"ReadAction","target":["https:\/\/kantojyrsin.fi\/?page_id=23"]}]},{"@type":"BreadcrumbList","@id":"https:\/\/kantojyrsin.fi\/?page_id=23#breadcrumb","itemListElement":[{"@type":"ListItem","position":1,"name":"Home","item":"https:\/\/kantojyrsin.fi\/"},{"@type":"ListItem","position":2,"name":"Yhteystiedot"}]},{"@type":"WebSite","@id":"https:\/\/kantojyrsin.fi\/#website","url":"https:\/\/kantojyrsin.fi\/","name":"Suomen Kiinteist\u00f6- ja Kantojyrsinpalvelu","description":"Kantojen jyrsint\u00e4 on paras ratkaisu kantojen poistoon","potentialAction":[{"@type":"SearchAction","target":{"@type":"EntryPoint","urlTemplate":"https:\/\/kantojyrsin.fi\/?s={search_term_string}"},"query-input":{"@type":"PropertyValueSpecification","valueRequired":true,"valueName":"search_term_string"}}],"inLanguage":"fi"}]}},"_links":{"self":[{"href":"https:\/\/kantojyrsin.fi\/index.php?rest_route=\/wp\/v2\/pages\/23","targetHints":{"allow":["GET"]}}],"collection":[{"href":"https:\/\/kantojyrsin.fi\/index.php?rest_route=\/wp\/v2\/pages"}],"about":[{"href":"https:\/\/kantojyrsin.fi\/index.php?rest_route=\/wp\/v2\/types\/page"}],"author":[{"embeddable":true,"href":"https:\/\/kantojyrsin.fi\/index.php?rest_route=\/wp\/v2\/users\/3"}],"replies":[{"embeddable":true,"href":"https:\/\/kantojyrsin.fi\/index.php?rest_route=%2Fwp%2Fv2%2Fcomments&post=23"}],"version-history":[{"count":1,"href":"https:\/\/kantojyrsin.fi\/index.php?rest_route=\/wp\/v2\/pages\/23\/revisions"}],"predecessor-version":[{"id":764,"href":"https:\/\/kantojyrsin.fi\/index.php?rest_route=\/wp\/v2\/pages\/23\/revisions\/764"}],"wp:attachment":[{"href":"https:\/\/kantojyrsin.fi\/index.php?rest_route=%2Fwp%2Fv2%2Fmedia&parent=23"}],"curies":[{"name":"wp","href":"https:\/\/api.w.org\/{rel}","templated":true}]}}