{"id":31,"date":"2018-06-20T12:34:01","date_gmt":"2018-06-20T09:34:01","guid":{"rendered":"http:\/\/test.kriesi.at\/construction\/?page_id=31"},"modified":"2020-02-08T15:53:00","modified_gmt":"2020-02-08T13:53:00","slug":"yritys","status":"publish","type":"page","link":"https:\/\/kantojyrsin.fi\/?page_id=31","title":{"rendered":"Yritys"},"content":{"rendered":"\n<style type=\"text\/css\" data-created_by=\"avia_inline_auto\" id=\"style-css-av-jivt7ht1-10e7557e98b6712cb74fd907af28819c\">\n.avia-image-container.av-jivt7ht1-10e7557e98b6712cb74fd907af28819c img.avia_image{\nbox-shadow:none;\n}\n.avia-image-container.av-jivt7ht1-10e7557e98b6712cb74fd907af28819c .av-image-caption-overlay-center{\ncolor:#ffffff;\n}\n<\/style>\n<div  class='avia-image-container av-jivt7ht1-10e7557e98b6712cb74fd907af28819c av-styling- avia-align-center  avia-builder-el-0  el_before_av_section  avia-builder-el-no-sibling '   itemprop=\"image\" itemscope=\"itemscope\" itemtype=\"https:\/\/schema.org\/ImageObject\" ><div class=\"avia-image-container-inner\"><div class=\"avia-image-overlay-wrap\"><img fetchpriority=\"high\" class='wp-image-360 avia-img-lazy-loading-not-360 avia_image ' src='https:\/\/kantojyrsin.fi\/wp-content\/uploads\/2018\/06\/jyrsin-300x113.jpg' alt='' title='Jyrsimen ter\u00e4'  height=\"113\" width=\"300\"  itemprop=\"thumbnailUrl\"  \/><\/div><\/div><\/div>\n<\/div><\/div><\/div><!-- close content main div --><\/div><\/div><div id='av_section_1'  class='avia-section av-mjs0r-43dd3f0b0b350fba3f48ead4aeed2436 main_color avia-section-large avia-no-border-styling  avia-builder-el-1  el_after_av_image  el_before_av_one_full  avia-bg-style-scroll container_wrap sidebar_right'  ><div class='container av-section-cont-open' ><div class='template-page content  av-content-small alpha units'><div class='post-entry post-entry-type-page post-entry-31'><div class='entry-content-wrapper clearfix'>\n\n<style type=\"text\/css\" data-created_by=\"avia_inline_auto\" id=\"style-css-av-av_heading-a3cd3af05c5ab0715dae28729eccb3f8\">\n#top .av-special-heading.av-av_heading-a3cd3af05c5ab0715dae28729eccb3f8{\npadding-bottom:0;\n}\nbody .av-special-heading.av-av_heading-a3cd3af05c5ab0715dae28729eccb3f8 .av-special-heading-tag .heading-char{\nfont-size:25px;\n}\n.av-special-heading.av-av_heading-a3cd3af05c5ab0715dae28729eccb3f8 .av-subheading{\nfont-size:15px;\n}\n<\/style>\n<div  class='av-special-heading av-av_heading-a3cd3af05c5ab0715dae28729eccb3f8 av-special-heading-h2 blockquote modern-quote modern-centered  avia-builder-el-2  el_before_av_hr  avia-builder-el-first '><h2 class='av-special-heading-tag'  itemprop=\"headline\"  >Ty\u00f6skentelemme ymp\u00e4ri Suomea. Ota yhteytt\u00e4.<\/h2><div class=\"special-heading-border\"><div class=\"special-heading-inner-border\"><\/div><\/div><\/div>\n\n<style type=\"text\/css\" data-created_by=\"avia_inline_auto\" id=\"style-css-av-l0kaf-747613146cdb3b0600de6984f527e3c8\">\n#top .hr.av-l0kaf-747613146cdb3b0600de6984f527e3c8{\nmargin-top:5px;\nmargin-bottom:75px;\n}\n.hr.av-l0kaf-747613146cdb3b0600de6984f527e3c8 .hr-inner{\nwidth:50px;\nborder-color:#efbb20;\n}\n<\/style>\n<div  class='hr av-l0kaf-747613146cdb3b0600de6984f527e3c8 hr-custom  avia-builder-el-3  el_after_av_heading  el_before_av_one_full  hr-center hr-icon-no'><span class='hr-inner inner-border-av-border-fat'><span class=\"hr-inner-style\"><\/span><\/span><\/div>\n\n<style type=\"text\/css\" data-created_by=\"avia_inline_auto\" id=\"style-css-av-d2ojn-9c6d053680058de9ac9492d42397b914\">\n.flex_column.av-d2ojn-9c6d053680058de9ac9492d42397b914{\nborder-width:1px;\nborder-color:#e1e1e1;\nborder-style:solid;\nborder-radius:0px 0px 0px 0px;\npadding:20px 20px 20px 20px;\nbackground-color:#ffffff;\n}\n<\/style>\n<div  class='flex_column av-d2ojn-9c6d053680058de9ac9492d42397b914 av_one_full  avia-builder-el-4  el_after_av_hr  el_before_av_one_third  first flex_column_div av-animated-generic bottom-to-top  '     ><section  class='av_textblock_section av-cd2h7-33f373da13803c0d76e27275446a787d '   itemscope=\"itemscope\" itemtype=\"https:\/\/schema.org\/CreativeWork\" ><div class='avia_textblock'  itemprop=\"text\" ><p style=\"text-align: center;\">TY\u00d6SKENTELEMME USEILLA TY\u00d6MAILLA &#8211; MM. KAUPUNKIEN PUISTOALUEET, GOLFKENT\u00c4T, KARTANOIDEN PIHA-ALUEET, HAUTAUSMAAT, MYRSKYTUHOALUEET, YKSITYISET PIHAT SEK\u00c4 LOMA-ASUNTOJEN PIHAT.<\/p>\n<\/div><\/section><\/div>\n<style type=\"text\/css\" data-created_by=\"avia_inline_auto\" id=\"style-css-av-kranb-d77f60504c58a6c3aea5a079bfe46f8c\">\n.flex_column.av-kranb-d77f60504c58a6c3aea5a079bfe46f8c{\nborder-radius:0px 0px 0px 0px;\npadding:0px 0px 0px 0px;\n}\n<\/style>\n<div  class='flex_column av-kranb-d77f60504c58a6c3aea5a079bfe46f8c av_one_third  avia-builder-el-6  el_after_av_one_full  el_before_av_one_third  first flex_column_div av-animated-generic bottom-to-top av-zero-column-padding  column-top-margin'     ><article  class='iconbox iconbox_left_content av-k321f-b0dfe83cf72719097efba227cbcfa0e1  avia-builder-el-7  avia-builder-el-no-sibling '  itemscope=\"itemscope\" itemtype=\"https:\/\/schema.org\/CreativeWork\" ><div class=\"iconbox_icon heading-color\" aria-hidden='true' data-av_icon='\ue808' data-av_iconfont='entypo-fontello'><\/div><div class=\"iconbox_content\"><header class=\"entry-content-header\"><h3 class='iconbox_content_title '  itemprop=\"headline\" >Kilpailukykyinen hinta<\/h3><\/header><div class='iconbox_content_container '  itemprop=\"text\" ><p>Kantojen lukum\u00e4\u00e4r\u00e4st\u00e4 ja sijainnista riippumatta tekem\u00e4mme jyrsint\u00e4ty\u00f6 on kustannustehokkain tapa poistaa kannot.<\/p>\n<\/div><\/div><footer class=\"entry-footer\"><\/footer><\/article><\/div>\n<style type=\"text\/css\" data-created_by=\"avia_inline_auto\" id=\"style-css-av-jf6s3-b96457da726a33ece1177c4d87402bf4\">\n.flex_column.av-jf6s3-b96457da726a33ece1177c4d87402bf4{\nborder-radius:0px 0px 0px 0px;\npadding:0px 0px 0px 0px;\n}\n<\/style>\n<div  class='flex_column av-jf6s3-b96457da726a33ece1177c4d87402bf4 av_one_third  avia-builder-el-8  el_after_av_one_third  el_before_av_one_third  flex_column_div av-animated-generic bottom-to-top av-zero-column-padding  column-top-margin'     ><article  class='iconbox iconbox_left_content av-in4lf-7f8eae582fa23a99ebc6457f7ee5c542  avia-builder-el-9  avia-builder-el-no-sibling '  itemscope=\"itemscope\" itemtype=\"https:\/\/schema.org\/CreativeWork\" ><div class=\"iconbox_icon heading-color\" aria-hidden='true' data-av_icon='\ue856' data-av_iconfont='entypo-fontello'><\/div><div class=\"iconbox_content\"><header class=\"entry-content-header\"><h3 class='iconbox_content_title '  itemprop=\"headline\" >Tehokkaat ty\u00f6koneet<\/h3><\/header><div class='iconbox_content_container '  itemprop=\"text\" ><p>Koneemme ovat tehokkaita ja hyvin huollettuja. Pysymme sovituissa aikatauluissa. Tehokuuteen kuuluu my\u00f6s huolellinen suunnittelu sek\u00e4 turvallisuus.<\/p>\n<\/div><\/div><footer class=\"entry-footer\"><\/footer><\/article><\/div>\n<style type=\"text\/css\" data-created_by=\"avia_inline_auto\" id=\"style-css-av-i47hz-da7e7fe1147458661fbcfb874982920e\">\n.flex_column.av-i47hz-da7e7fe1147458661fbcfb874982920e{\nborder-radius:0px 0px 0px 0px;\npadding:0px 0px 0px 0px;\n}\n<\/style>\n<div  class='flex_column av-i47hz-da7e7fe1147458661fbcfb874982920e av_one_third  avia-builder-el-10  el_after_av_one_third  el_before_av_one_third  flex_column_div av-animated-generic bottom-to-top av-zero-column-padding  column-top-margin'     ><article  class='iconbox iconbox_left_content av-hp7j3-ca0e9de311eeeaa3bca50f5aa7c7e251  avia-builder-el-11  avia-builder-el-no-sibling '  itemscope=\"itemscope\" itemtype=\"https:\/\/schema.org\/CreativeWork\" ><div class=\"iconbox_icon heading-color\" aria-hidden='true' data-av_icon='\ue8a8' data-av_iconfont='entypo-fontello'><\/div><div class=\"iconbox_content\"><header class=\"entry-content-header\"><h3 class='iconbox_content_title '  itemprop=\"headline\" >Laaja kokemus<\/h3><\/header><div class='iconbox_content_container '  itemprop=\"text\" ><p>Voit luottaa pitk\u00e4\u00e4n kokemukseemme puiden kaadosta, kantojen jyrsinn\u00e4st\u00e4 sek\u00e4 maisemoinnista.<\/p>\n<\/div><\/div><footer class=\"entry-footer\"><\/footer><\/article><\/div>\n<style type=\"text\/css\" data-created_by=\"avia_inline_auto\" id=\"style-css-av-gzion-104d588684a52eb5046569a624b96b08\">\n.flex_column.av-gzion-104d588684a52eb5046569a624b96b08{\nborder-radius:0px 0px 0px 0px;\npadding:0px 0px 0px 0px;\n}\n<\/style>\n<div  class='flex_column av-gzion-104d588684a52eb5046569a624b96b08 av_one_third  avia-builder-el-12  el_after_av_one_third  el_before_av_one_third  first flex_column_div av-animated-generic bottom-to-top av-zero-column-padding  column-top-margin'     ><article  class='iconbox iconbox_left_content av-g8hm3-63873f846ce94618f03d55195ab72b69  avia-builder-el-13  avia-builder-el-no-sibling '  itemscope=\"itemscope\" itemtype=\"https:\/\/schema.org\/CreativeWork\" ><div class=\"iconbox_icon heading-color\" aria-hidden='true' data-av_icon='\ue812' data-av_iconfont='entypo-fontello'><\/div><div class=\"iconbox_content\"><header class=\"entry-content-header\"><h3 class='iconbox_content_title '  itemprop=\"headline\" >Luotettava kumppani<\/h3><\/header><div class='iconbox_content_container '  itemprop=\"text\" ><p>Olemme vastuullinen ja luotettava kumppani. Teemme ty\u00f6mme laadukkaasti ja huolellisesti. Vaadimme luotettavuutta my\u00f6s kaikilta yhteisty\u00f6kumppaneiltamme.<\/p>\n<\/div><\/div><footer class=\"entry-footer\"><\/footer><\/article><\/div>\n<style type=\"text\/css\" data-created_by=\"avia_inline_auto\" id=\"style-css-av-fn8hn-abdf60cf8f8f7aceedab0603d0b4ad9d\">\n.flex_column.av-fn8hn-abdf60cf8f8f7aceedab0603d0b4ad9d{\nborder-radius:0px 0px 0px 0px;\npadding:0px 0px 0px 0px;\n}\n<\/style>\n<div  class='flex_column av-fn8hn-abdf60cf8f8f7aceedab0603d0b4ad9d av_one_third  avia-builder-el-14  el_after_av_one_third  avia-builder-el-last  flex_column_div av-animated-generic bottom-to-top av-zero-column-padding  column-top-margin'     ><article  class='iconbox iconbox_left_content av-f5oe3-c9d26ae1812fb14aecef3c6c1b4d8fc3  avia-builder-el-15  avia-builder-el-no-sibling '  itemscope=\"itemscope\" itemtype=\"https:\/\/schema.org\/CreativeWork\" ><div class=\"iconbox_icon heading-color\" aria-hidden='true' data-av_icon='\ue82b' data-av_iconfont='entypo-fontello'><\/div><div class=\"iconbox_content\"><header class=\"entry-content-header\"><h3 class='iconbox_content_title '  itemprop=\"headline\" >Asiakkaiden suosittelema<\/h3><\/header><div class='iconbox_content_container '  itemprop=\"text\" ><p>Tyytyv\u00e4iset asiakkaat ja pitk\u00e4t asiakassuhteet puhuvat puolestaan. Voit tiedustella l\u00e4hialueesi referenssikohteista.<\/p>\n<\/div><\/div><footer class=\"entry-footer\"><\/footer><\/article><\/div><\/div><\/div><\/div><!-- close content main div --><\/div><\/div><div id='after_section_1'  class='main_color av_default_container_wrap container_wrap sidebar_right'  ><div class='container av-section-cont-open' ><div class='template-page content  av-content-small alpha units'><div class='post-entry post-entry-type-page post-entry-31'><div class='entry-content-wrapper clearfix'>\n<style type=\"text\/css\" data-created_by=\"avia_inline_auto\" id=\"style-css-av-4xhr-134f64ee7fe88f904aa3aeee787e475a\">\n.flex_column.av-4xhr-134f64ee7fe88f904aa3aeee787e475a{\nborder-radius:0px 0px 0px 0px;\npadding:0px 0px 0px 0px;\n}\n<\/style>\n<div  class='flex_column av-4xhr-134f64ee7fe88f904aa3aeee787e475a av_one_full  avia-builder-el-16  el_after_av_section  avia-builder-el-no-sibling  first flex_column_div av-animated-generic bottom-to-top av-zero-column-padding  '     ><section  class='av_textblock_section av-12zcb-92f09b23701df7b5d35be4f01a91695d '   itemscope=\"itemscope\" itemtype=\"https:\/\/schema.org\/CreativeWork\" ><div class='avia_textblock'  itemprop=\"text\" ><p>Suomen kiinteist\u00f6- ja kantojyrsint\u00e4palvelun kotipaikka on Luopioinen kauniin Kukkia-j\u00e4rven rannalla. Valtakunnallinen yritystoiminta tunnetaan hyvin kotipaikkakunnalla &#8211; kuvassa Pirkanmaan yritt\u00e4jien varapuheenjohtaja Jari Haapaniemi kiinnitt\u00e4\u00e4 pinssi\u00e4 Vuoden yritt\u00e4j\u00e4 -tunnustuksen 2016 saaneelle Aaro Turuselle.<\/p>\n<p><a href=\"https:\/\/shl.fi\/2016\/10\/27\/pitaa-tietaa-mita-haluaa\/\" target=\"_blank\" rel=\"noopener\"><img loading=\"lazy\" decoding=\"async\" class=\"alignnone wp-image-529 size-medium\" src=\"\/wp-content\/uploads\/2018\/06\/Screen-Shot-2018-06-27-at-14.51.50-e1530101766565-300x198.png\" alt=\"\" width=\"300\" height=\"198\" srcset=\"https:\/\/kantojyrsin.fi\/wp-content\/uploads\/2018\/06\/Screen-Shot-2018-06-27-at-14.51.50-e1530101766565-300x198.png 300w, https:\/\/kantojyrsin.fi\/wp-content\/uploads\/2018\/06\/Screen-Shot-2018-06-27-at-14.51.50-e1530101766565-450x298.png 450w, https:\/\/kantojyrsin.fi\/wp-content\/uploads\/2018\/06\/Screen-Shot-2018-06-27-at-14.51.50-e1530101766565.png 620w\" sizes=\"auto, (max-width: 300px) 100vw, 300px\" \/><\/a><br \/>\nLue <a href=\"https:\/\/shl.fi\/2016\/10\/27\/pitaa-tietaa-mita-haluaa\/\" target=\"_blank\" rel=\"noopener\">Syd\u00e4n-H\u00e4meen lehden juttu<\/a>\u00a0yritt\u00e4j\u00e4persoonasta kantojyrsinpalvelun taustalla.<\/p>\n<\/div><\/section><\/div><\/p>\n","protected":false},"excerpt":{"rendered":"","protected":false},"author":3,"featured_media":0,"parent":0,"menu_order":0,"comment_status":"closed","ping_status":"closed","template":"","meta":{"_exactmetrics_skip_tracking":false,"_exactmetrics_sitenote_active":false,"_exactmetrics_sitenote_note":"","_exactmetrics_sitenote_category":0,"footnotes":""},"class_list":["post-31","page","type-page","status-publish","hentry"],"yoast_head":"<!-- This site is optimized with the Yoast SEO plugin v27.5 - https:\/\/yoast.com\/product\/yoast-seo-wordpress\/ -->\n<title>Yritys - Suomen Kiinteist\u00f6- ja Kantojyrsinpalvelu<\/title>\n<meta name=\"robots\" content=\"index, follow, max-snippet:-1, max-image-preview:large, max-video-preview:-1\" \/>\n<link rel=\"canonical\" href=\"https:\/\/kantojyrsin.fi\/?page_id=31\" \/>\n<meta property=\"og:locale\" content=\"fi_FI\" \/>\n<meta property=\"og:type\" content=\"article\" \/>\n<meta property=\"og:title\" content=\"Yritys - Suomen Kiinteist\u00f6- ja Kantojyrsinpalvelu\" \/>\n<meta property=\"og:url\" content=\"https:\/\/kantojyrsin.fi\/?page_id=31\" \/>\n<meta property=\"og:site_name\" content=\"Suomen Kiinteist\u00f6- ja Kantojyrsinpalvelu\" \/>\n<meta property=\"article:modified_time\" content=\"2020-02-08T13:53:00+00:00\" \/>\n<meta name=\"twitter:card\" content=\"summary_large_image\" \/>\n<meta name=\"twitter:label1\" content=\"Arvioitu lukuaika\" \/>\n\t<meta name=\"twitter:data1\" content=\"6 minuuttia\" \/>\n<script type=\"application\/ld+json\" class=\"yoast-schema-graph\">{\"@context\":\"https:\\\/\\\/schema.org\",\"@graph\":[{\"@type\":\"WebPage\",\"@id\":\"https:\\\/\\\/kantojyrsin.fi\\\/?page_id=31\",\"url\":\"https:\\\/\\\/kantojyrsin.fi\\\/?page_id=31\",\"name\":\"Yritys - Suomen Kiinteist\u00f6- ja Kantojyrsinpalvelu\",\"isPartOf\":{\"@id\":\"https:\\\/\\\/kantojyrsin.fi\\\/#website\"},\"datePublished\":\"2018-06-20T09:34:01+00:00\",\"dateModified\":\"2020-02-08T13:53:00+00:00\",\"breadcrumb\":{\"@id\":\"https:\\\/\\\/kantojyrsin.fi\\\/?page_id=31#breadcrumb\"},\"inLanguage\":\"fi\",\"potentialAction\":[{\"@type\":\"ReadAction\",\"target\":[\"https:\\\/\\\/kantojyrsin.fi\\\/?page_id=31\"]}]},{\"@type\":\"BreadcrumbList\",\"@id\":\"https:\\\/\\\/kantojyrsin.fi\\\/?page_id=31#breadcrumb\",\"itemListElement\":[{\"@type\":\"ListItem\",\"position\":1,\"name\":\"Home\",\"item\":\"https:\\\/\\\/kantojyrsin.fi\\\/\"},{\"@type\":\"ListItem\",\"position\":2,\"name\":\"Yritys\"}]},{\"@type\":\"WebSite\",\"@id\":\"https:\\\/\\\/kantojyrsin.fi\\\/#website\",\"url\":\"https:\\\/\\\/kantojyrsin.fi\\\/\",\"name\":\"Suomen Kiinteist\u00f6- ja Kantojyrsinpalvelu\",\"description\":\"Kantojen jyrsint\u00e4 on paras ratkaisu kantojen poistoon\",\"potentialAction\":[{\"@type\":\"SearchAction\",\"target\":{\"@type\":\"EntryPoint\",\"urlTemplate\":\"https:\\\/\\\/kantojyrsin.fi\\\/?s={search_term_string}\"},\"query-input\":{\"@type\":\"PropertyValueSpecification\",\"valueRequired\":true,\"valueName\":\"search_term_string\"}}],\"inLanguage\":\"fi\"}]}<\/script>\n<!-- \/ Yoast SEO plugin. -->","yoast_head_json":{"title":"Yritys - Suomen Kiinteist\u00f6- ja Kantojyrsinpalvelu","robots":{"index":"index","follow":"follow","max-snippet":"max-snippet:-1","max-image-preview":"max-image-preview:large","max-video-preview":"max-video-preview:-1"},"canonical":"https:\/\/kantojyrsin.fi\/?page_id=31","og_locale":"fi_FI","og_type":"article","og_title":"Yritys - Suomen Kiinteist\u00f6- ja Kantojyrsinpalvelu","og_url":"https:\/\/kantojyrsin.fi\/?page_id=31","og_site_name":"Suomen Kiinteist\u00f6- ja Kantojyrsinpalvelu","article_modified_time":"2020-02-08T13:53:00+00:00","twitter_card":"summary_large_image","twitter_misc":{"Arvioitu lukuaika":"6 minuuttia"},"schema":{"@context":"https:\/\/schema.org","@graph":[{"@type":"WebPage","@id":"https:\/\/kantojyrsin.fi\/?page_id=31","url":"https:\/\/kantojyrsin.fi\/?page_id=31","name":"Yritys - Suomen Kiinteist\u00f6- ja Kantojyrsinpalvelu","isPartOf":{"@id":"https:\/\/kantojyrsin.fi\/#website"},"datePublished":"2018-06-20T09:34:01+00:00","dateModified":"2020-02-08T13:53:00+00:00","breadcrumb":{"@id":"https:\/\/kantojyrsin.fi\/?page_id=31#breadcrumb"},"inLanguage":"fi","potentialAction":[{"@type":"ReadAction","target":["https:\/\/kantojyrsin.fi\/?page_id=31"]}]},{"@type":"BreadcrumbList","@id":"https:\/\/kantojyrsin.fi\/?page_id=31#breadcrumb","itemListElement":[{"@type":"ListItem","position":1,"name":"Home","item":"https:\/\/kantojyrsin.fi\/"},{"@type":"ListItem","position":2,"name":"Yritys"}]},{"@type":"WebSite","@id":"https:\/\/kantojyrsin.fi\/#website","url":"https:\/\/kantojyrsin.fi\/","name":"Suomen Kiinteist\u00f6- ja Kantojyrsinpalvelu","description":"Kantojen jyrsint\u00e4 on paras ratkaisu kantojen poistoon","potentialAction":[{"@type":"SearchAction","target":{"@type":"EntryPoint","urlTemplate":"https:\/\/kantojyrsin.fi\/?s={search_term_string}"},"query-input":{"@type":"PropertyValueSpecification","valueRequired":true,"valueName":"search_term_string"}}],"inLanguage":"fi"}]}},"_links":{"self":[{"href":"https:\/\/kantojyrsin.fi\/index.php?rest_route=\/wp\/v2\/pages\/31","targetHints":{"allow":["GET"]}}],"collection":[{"href":"https:\/\/kantojyrsin.fi\/index.php?rest_route=\/wp\/v2\/pages"}],"about":[{"href":"https:\/\/kantojyrsin.fi\/index.php?rest_route=\/wp\/v2\/types\/page"}],"author":[{"embeddable":true,"href":"https:\/\/kantojyrsin.fi\/index.php?rest_route=\/wp\/v2\/users\/3"}],"replies":[{"embeddable":true,"href":"https:\/\/kantojyrsin.fi\/index.php?rest_route=%2Fwp%2Fv2%2Fcomments&post=31"}],"version-history":[{"count":0,"href":"https:\/\/kantojyrsin.fi\/index.php?rest_route=\/wp\/v2\/pages\/31\/revisions"}],"wp:attachment":[{"href":"https:\/\/kantojyrsin.fi\/index.php?rest_route=%2Fwp%2Fv2%2Fmedia&parent=31"}],"curies":[{"name":"wp","href":"https:\/\/api.w.org\/{rel}","templated":true}]}}